{"id":1133,"date":"2026-02-17T07:59:21","date_gmt":"2026-02-17T07:59:21","guid":{"rendered":"https:\/\/kathis-kreativstueberl.de\/?page_id=1133"},"modified":"2026-02-26T11:23:42","modified_gmt":"2026-02-26T11:23:42","slug":"sicherheitshinweise","status":"publish","type":"page","link":"https:\/\/kathis-kreativstueberl.de\/index.php\/sicherheitshinweise\/","title":{"rendered":"Sicherheitshinweise"},"content":{"rendered":"\n<p>Hinweis f\u00fcr <strong>Cellophant\u00fctchen \/-papier:<\/strong><br>Cellophant\u00fctchen sind nicht zum spielen geeignet. Erstickungsgefahr!<br>Verpackung bitte von Babys und Kleinkindern fernhalten.<br>Nicht \u00fcber den Kopf ziehen. <br>Vor Hitze, offenem Feuer und direkter Sonnenneinstrahlung fernhalten. Brandgefahr!<\/p>\n\n\n\n<p>Hinweis f\u00fcr <strong>Trockenblumen<\/strong>:<br>Trockenblumen von offenen Flammen und W\u00e4rmequellen fernhalten, da sie leicht entflammbar sind.<br>Sie dienen nur zur Dekoration. Kein Spielzeug und nicht zum Verzehr geeignet.<br>Kann allergische Reaktionen hervorrufen.<br>Au\u00dfer Reichweite von Kindern aufbewahren.<br>Um Schimmelbildung vorzubeugen, trocken lagern.<\/p>\n\n\n\n<p>Hinweis f\u00fcr Produkte aus <strong>Raysin<\/strong>:<br>Das Produkt ist nur f\u00fcr den Innenbereich geeignet. <br>Es dient zur Dekoration. Kein Spielzeug.<br>Achtung vor Verletzungen durch scharfe Katen bei Bruch oder Besch\u00e4digung des Produkts. <br>Nicht f\u00fcr den Kontakt mit Lebensmitteln oder Fl\u00fcssigkeiten geeignet. <br>Au\u00dferhalb der Reichweite von Kindern und Haustieren aufbewahren, um Verschlucken kleiner Teile oder Verletzungenzu vermeiden.<br>Entsorgung entsprechend der \u00f6rtlichen Vorschriften f\u00fcr Spezialmaterial.<\/p>\n\n\n\n<p>Hinweis f\u00fcr <strong>dekorative Kleinteile<\/strong>:<br>Nicht f\u00fcr Kinder unter 3 Jahren geeignet. Kleinteile k\u00f6nnen verschluckt werden.<br>Bei batteriebetriebenen Teilen gilt: Nur fie angegebenen Batterietypen verwenden. <strong>Batterien<\/strong> weder Feuchtigkeit noch extremer HItze aussetzen. Batterien entfernen, wenn das Produkt l\u00e4ngere Zeit nicht verwendet wird. <br>Defekte Lichter nicht weiterverwenden, um Gefahren zu vermeiden. Auslaufende Batterien sofort entsorgen, da \u00e4tzende Fl\u00fcssigkeiten freigesetzt werden k\u00f6nnen.<br>Bei Kontakt sofort gr\u00fcndlich mit Wasser sp\u00fclen.<br>Produkt nur unter Auffsicht von Erwachsenen verwenden.<br>Entsorgung entsprechend der \u00f6rtlichen Vorschriften und nicht im Hausm\u00fcll.<\/p>\n\n\n\n<p>Hinweis zu <strong>Kerzen<\/strong>:<br>Brennende Kerzen niemals unbeaufsichtigt lassen. Kerze auf feuerfesten, geeignetem Untergrund benutzen und auf ausreichend Abstand zu anderen Kerzen und Gegenst\u00e4nden achten.<br>Au\u00dferhalb der Reichweite von Kindern benutzen und aufbewahren. <br>Nicht in die N\u00e4he von leicht entflammbaren Gegenst\u00e4nden stellen.<br>Entsorgung der Wachsreste und Verpackungsmaterial entsprechend der \u00f6rtlichen Vorschriften.<\/p>\n\n\n\n<p>Hinweis zu <strong>Holz<\/strong>:<br>Das Produkt ist nur f\u00fcr denn Innenbereicht geeignet. <br>Das Holz von offenen Flammen und W\u00e4rmequellen fernhalten.<br>Achtung vor Verletzungen durch Splitter bei z.B. Bruch.<br>Bitte regelm\u00e4\u00dfig auf Besch\u00e4digungen kontrollieren, um m\u00f6gliche Risiken zu minimieren.<\/p>\n\n\n\n<p>Hinweis f\u00fcr Produkte aus <strong>Filz<\/strong>:<br>Filz ist ein brennbares Naturmaterial, das\u00a0von offenen Flammen und Hitzequellen ferngehalten werden muss. <br>Es ist nicht f\u00fcr Kinder unter 3 Jahren geeignet (Erstickungsgefahr durch verschluckbare Kleinteile). <br>Zur Pflege nur Handw\u00e4sche, keine aggressiven Reinigungsmittel verwenden und den Filz liegend an der Luft trocknen.\u00a0<\/p>\n\n\n\n<p><\/p>\n","protected":false},"excerpt":{"rendered":"<p>Hinweis f\u00fcr Cellophant\u00fctchen \/-papier:Cellophant\u00fctchen sind nicht zum spielen geeignet. Erstickungsgefahr!Verpackung bitte von Babys und Kleinkindern fernhalten.Nicht \u00fcber den Kopf ziehen. [&hellip;]<\/p>\n","protected":false},"author":1,"featured_media":1641,"parent":0,"menu_order":0,"comment_status":"closed","ping_status":"closed","template":"","meta":{"site-sidebar-layout":"default","site-content-layout":"","ast-site-content-layout":"default","site-content-style":"default","site-sidebar-style":"default","ast-global-header-display":"","ast-banner-title-visibility":"","ast-main-header-display":"","ast-hfb-above-header-display":"","ast-hfb-below-header-display":"","ast-hfb-mobile-header-display":"","site-post-title":"","ast-breadcrumbs-content":"","ast-featured-img":"","footer-sml-layout":"","ast-disable-related-posts":"","theme-transparent-header-meta":"","adv-header-id-meta":"","stick-header-meta":"","header-above-stick-meta":"","header-main-stick-meta":"","header-below-stick-meta":"","astra-migrate-meta-layouts":"default","ast-page-background-enabled":"default","ast-page-background-meta":{"desktop":{"background-color":"var(--ast-global-color-5)","background-image":"","background-repeat":"repeat","background-position":"center center","background-size":"auto","background-attachment":"scroll","background-type":"","background-media":"","overlay-type":"","overlay-color":"","overlay-opacity":"","overlay-gradient":""},"tablet":{"background-color":"","background-image":"","background-repeat":"repeat","background-position":"center center","background-size":"auto","background-attachment":"scroll","background-type":"","background-media":"","overlay-type":"","overlay-color":"","overlay-opacity":"","overlay-gradient":""},"mobile":{"background-color":"","background-image":"","background-repeat":"repeat","background-position":"center center","background-size":"auto","background-attachment":"scroll","background-type":"","background-media":"","overlay-type":"","overlay-color":"","overlay-opacity":"","overlay-gradient":""}},"ast-content-background-meta":{"desktop":{"background-color":"var(--ast-global-color-4)","background-image":"","background-repeat":"repeat","background-position":"center center","background-size":"auto","background-attachment":"scroll","background-type":"","background-media":"","overlay-type":"","overlay-color":"","overlay-opacity":"","overlay-gradient":""},"tablet":{"background-color":"var(--ast-global-color-4)","background-image":"","background-repeat":"repeat","background-position":"center center","background-size":"auto","background-attachment":"scroll","background-type":"","background-media":"","overlay-type":"","overlay-color":"","overlay-opacity":"","overlay-gradient":""},"mobile":{"background-color":"var(--ast-global-color-4)","background-image":"","background-repeat":"repeat","background-position":"center center","background-size":"auto","background-attachment":"scroll","background-type":"","background-media":"","overlay-type":"","overlay-color":"","overlay-opacity":"","overlay-gradient":""}},"ngg_post_thumbnail":0,"footnotes":""},"class_list":["post-1133","page","type-page","status-publish","has-post-thumbnail","hentry"],"_links":{"self":[{"href":"https:\/\/kathis-kreativstueberl.de\/index.php\/wp-json\/wp\/v2\/pages\/1133","targetHints":{"allow":["GET"]}}],"collection":[{"href":"https:\/\/kathis-kreativstueberl.de\/index.php\/wp-json\/wp\/v2\/pages"}],"about":[{"href":"https:\/\/kathis-kreativstueberl.de\/index.php\/wp-json\/wp\/v2\/types\/page"}],"author":[{"embeddable":true,"href":"https:\/\/kathis-kreativstueberl.de\/index.php\/wp-json\/wp\/v2\/users\/1"}],"replies":[{"embeddable":true,"href":"https:\/\/kathis-kreativstueberl.de\/index.php\/wp-json\/wp\/v2\/comments?post=1133"}],"version-history":[{"count":2,"href":"https:\/\/kathis-kreativstueberl.de\/index.php\/wp-json\/wp\/v2\/pages\/1133\/revisions"}],"predecessor-version":[{"id":2687,"href":"https:\/\/kathis-kreativstueberl.de\/index.php\/wp-json\/wp\/v2\/pages\/1133\/revisions\/2687"}],"wp:featuredmedia":[{"embeddable":true,"href":"https:\/\/kathis-kreativstueberl.de\/index.php\/wp-json\/wp\/v2\/media\/1641"}],"wp:attachment":[{"href":"https:\/\/kathis-kreativstueberl.de\/index.php\/wp-json\/wp\/v2\/media?parent=1133"}],"curies":[{"name":"wp","href":"https:\/\/api.w.org\/{rel}","templated":true}]}}